{"id":426,"date":"2019-03-01T08:37:07","date_gmt":"2019-03-01T08:37:07","guid":{"rendered":"https:\/\/www.akademiaslovenciny.sk\/wp?page_id=426"},"modified":"2023-05-21T17:26:37","modified_gmt":"2023-05-21T17:26:37","slug":"termine","status":"publish","type":"page","link":"https:\/\/www.akademiaslovenciny.sk\/de\/termine","title":{"rendered":"Termine"},"content":{"rendered":"<h1>Wann fangen die Slowakischkurse an?<\/h1>\n<h2>Intensivkurse<\/h2>\n<div class='amha-dac-course-dates'><div class='dcd-entry  state-expired '><div class='dde-month'>Januar 2026<\/div><div class='dde-timespan'>12.01. \u2013 12.02.2026<\/div><div class='dde-info'>\r<\/div><\/div><div class='dcd-entry  state-expired '><div class='dde-month'>Februar 2026<\/div><div class='dde-timespan'>16.02. \u2013 19.03.2026<\/div><div class='dde-info'>\r<\/div><\/div><div class='dcd-entry  state-expired '><div class='dde-month'>M\u00e4rz 2026<\/div><div class='dde-timespan'>23.03. \u2013 23.04.2026<\/div><div class='dde-info'>\r<\/div><\/div><div class='dcd-entry '><div class='dde-month'>April 2026<\/div><div class='dde-timespan'>27.04. \u2013 28.05.2026<\/div><div class='dde-info'>\r<\/div><\/div><div class='dcd-entry '><div class='dde-month'>Mai 2026<\/div><div class='dde-timespan'> after arrangement<\/div><div class='dde-info'>\r<\/div><\/div><div class='dcd-entry '><div class='dde-month'>Juni 2026<\/div><div class='dde-timespan'>01.06. \u2013 02.07.2026<\/div><div class='dde-info'>\r<\/div><\/div><div class='dcd-entry '><div class='dde-month'>Juli 2026<\/div><div class='dde-timespan'>06.07. \u2013 06.08.2026<\/div><div class='dde-info'>\r<\/div><\/div><div class='dcd-entry '><div class='dde-month'>August 2026<\/div><div class='dde-timespan'>10.08. \u2013 10.09.2026<\/div><div class='dde-info'>\r<\/div><\/div><div class='dcd-entry '><div class='dde-month'>September 2026<\/div><div class='dde-timespan'>14.09. \u2013 15.10.2026<\/div><div class='dde-info'>\r<\/div><\/div><div class='dcd-entry '><div class='dde-month'>Oktober 2026<\/div><div class='dde-timespan'>19.10. \u2013 19.11.2026<\/div><div class='dde-info'>\r<\/div><\/div><div class='dcd-entry '><div class='dde-month'>November 2026<\/div><div class='dde-timespan'>23.11. \u2013 17.12.2026<\/div><div class='dde-info'>\r<\/div><\/div><div class='dcd-entry '><div class='dde-month'>Dezember 2026<\/div><div class='dde-timespan'>after arrangement<\/div><div class='dde-info'><\/div><\/div><\/div>\n<p>&nbsp;<\/p>\n<h2>Einzelstunden in Bratislava<\/h2>\n<p style=\"text-align: justify;\">Auf Ihre Bed\u00fcrfnisse und Ihren Zeitplan abgestimmte Stunden. Machen Sie schneller Fortschritte und lernen Sie genau das, was sie brauchen und wann Sie Zeit haben.<\/p>\n<p style=\"text-align: justify;\">Einzelstunden sind:<\/p>\n<ul style=\"text-align: justify;\">\n<li><em><strong>g\u00fcnstig<\/strong><\/em><\/li>\n<li><em><strong>flexibel<\/strong><\/em><\/li>\n<li><em><strong>und sehr effektiv!<\/strong><\/em><\/li>\n<\/ul>\n<p style=\"text-align: justify;\">Kontaktieren Sie uns und probieren Sie einfach eine Stunde aus. Sie werden \u00fcberzeugt sein!<\/p>\n<p style=\"text-align: justify;\">Wenn Sie sich f\u00fcr Einzelstunden anmelden m\u00f6chten, freuen wir uns Sie w\u00e4hrend unserer \u00d6ffnungszeiten willkommen zu hei\u00dfen!<\/p>\n<p style=\"text-align: justify;\">Gerne k\u00f6nnen Sie uns auch telefonisch kontaktieren oder f\u00fcllen Sie einfach das Anmeldeformular aus.<\/p>\n<p>&nbsp;<\/p>\n<p><a href=\"https:\/\/www.akademiaslovenciny.sk\/de\/anmeldung-slowakischkurs\">Anmeldung<\/a><\/p>\n","protected":false},"excerpt":{"rendered":"<p>Wann fangen die Slowakischkurse an? Intensivkurse &nbsp; Einzelstunden in Bratislava Auf Ihre Bed\u00fcrfnisse und Ihren Zeitplan abgestimmte Stunden. Machen Sie schneller Fortschritte und lernen Sie genau das, was sie brauchen und wann Sie Zeit haben. Einzelstunden sind: g\u00fcnstig flexibel und sehr effektiv! Kontaktieren Sie uns und probieren Sie einfach eine Stunde aus. Sie werden \u00fcberzeugt [&hellip;]<\/p>\n","protected":false},"author":5,"featured_media":0,"parent":0,"menu_order":0,"comment_status":"closed","ping_status":"closed","template":"","meta":{"footnotes":""},"yoast_head":"<!-- This site is optimized with the Yoast SEO plugin v22.4 - https:\/\/yoast.com\/wordpress\/plugins\/seo\/ -->\n<title>Termine - AkademiaSlovenciny<\/title>\n<meta name=\"robots\" content=\"index, follow, max-snippet:-1, max-image-preview:large, max-video-preview:-1\" \/>\n<link rel=\"canonical\" href=\"https:\/\/www.akademiaslovenciny.sk\/de\/termine\" \/>\n<meta property=\"og:locale\" content=\"de_DE\" \/>\n<meta property=\"og:type\" content=\"article\" \/>\n<meta property=\"og:title\" content=\"Termine - AkademiaSlovenciny\" \/>\n<meta property=\"og:description\" content=\"Wann fangen die Slowakischkurse an? Intensivkurse &nbsp; Einzelstunden in Bratislava Auf Ihre Bed\u00fcrfnisse und Ihren Zeitplan abgestimmte Stunden. Machen Sie schneller Fortschritte und lernen Sie genau das, was sie brauchen und wann Sie Zeit haben. Einzelstunden sind: g\u00fcnstig flexibel und sehr effektiv! Kontaktieren Sie uns und probieren Sie einfach eine Stunde aus. Sie werden \u00fcberzeugt [&hellip;]\" \/>\n<meta property=\"og:url\" content=\"https:\/\/www.akademiaslovenciny.sk\/de\/termine\" \/>\n<meta property=\"og:site_name\" content=\"AkademiaSlovenciny\" \/>\n<meta property=\"article:modified_time\" content=\"2023-05-21T17:26:37+00:00\" \/>\n<meta name=\"twitter:card\" content=\"summary_large_image\" \/>\n<meta name=\"twitter:label1\" content=\"Gesch\u00e4tzte Lesezeit\" \/>\n\t<meta name=\"twitter:data1\" content=\"1\u00a0Minute\" \/>\n<script type=\"application\/ld+json\" class=\"yoast-schema-graph\">{\"@context\":\"https:\/\/schema.org\",\"@graph\":[{\"@type\":\"WebPage\",\"@id\":\"https:\/\/www.akademiaslovenciny.sk\/de\/termine\",\"url\":\"https:\/\/www.akademiaslovenciny.sk\/de\/termine\",\"name\":\"Termine - AkademiaSlovenciny\",\"isPartOf\":{\"@id\":\"https:\/\/www.akademiaslovenciny.sk\/de\/#website\"},\"datePublished\":\"2019-03-01T08:37:07+00:00\",\"dateModified\":\"2023-05-21T17:26:37+00:00\",\"breadcrumb\":{\"@id\":\"https:\/\/www.akademiaslovenciny.sk\/de\/termine#breadcrumb\"},\"inLanguage\":\"de\",\"potentialAction\":[{\"@type\":\"ReadAction\",\"target\":[\"https:\/\/www.akademiaslovenciny.sk\/de\/termine\"]}]},{\"@type\":\"BreadcrumbList\",\"@id\":\"https:\/\/www.akademiaslovenciny.sk\/de\/termine#breadcrumb\",\"itemListElement\":[{\"@type\":\"ListItem\",\"position\":1,\"name\":\"Startseite\",\"item\":\"https:\/\/www.akademiaslovenciny.sk\/de\"},{\"@type\":\"ListItem\",\"position\":2,\"name\":\"Termine\"}]},{\"@type\":\"WebSite\",\"@id\":\"https:\/\/www.akademiaslovenciny.sk\/de\/#website\",\"url\":\"https:\/\/www.akademiaslovenciny.sk\/de\/\",\"name\":\"AkademiaSlovenciny\",\"description\":\"Kurz sloven\u010diny v Bratislave\",\"potentialAction\":[{\"@type\":\"SearchAction\",\"target\":{\"@type\":\"EntryPoint\",\"urlTemplate\":\"https:\/\/www.akademiaslovenciny.sk\/de\/?s={search_term_string}\"},\"query-input\":\"required name=search_term_string\"}],\"inLanguage\":\"de\"}]}<\/script>\n<!-- \/ Yoast SEO plugin. -->","yoast_head_json":{"title":"Termine - AkademiaSlovenciny","robots":{"index":"index","follow":"follow","max-snippet":"max-snippet:-1","max-image-preview":"max-image-preview:large","max-video-preview":"max-video-preview:-1"},"canonical":"https:\/\/www.akademiaslovenciny.sk\/de\/termine","og_locale":"de_DE","og_type":"article","og_title":"Termine - AkademiaSlovenciny","og_description":"Wann fangen die Slowakischkurse an? Intensivkurse &nbsp; Einzelstunden in Bratislava Auf Ihre Bed\u00fcrfnisse und Ihren Zeitplan abgestimmte Stunden. Machen Sie schneller Fortschritte und lernen Sie genau das, was sie brauchen und wann Sie Zeit haben. Einzelstunden sind: g\u00fcnstig flexibel und sehr effektiv! Kontaktieren Sie uns und probieren Sie einfach eine Stunde aus. Sie werden \u00fcberzeugt [&hellip;]","og_url":"https:\/\/www.akademiaslovenciny.sk\/de\/termine","og_site_name":"AkademiaSlovenciny","article_modified_time":"2023-05-21T17:26:37+00:00","twitter_card":"summary_large_image","twitter_misc":{"Gesch\u00e4tzte Lesezeit":"1\u00a0Minute"},"schema":{"@context":"https:\/\/schema.org","@graph":[{"@type":"WebPage","@id":"https:\/\/www.akademiaslovenciny.sk\/de\/termine","url":"https:\/\/www.akademiaslovenciny.sk\/de\/termine","name":"Termine - AkademiaSlovenciny","isPartOf":{"@id":"https:\/\/www.akademiaslovenciny.sk\/de\/#website"},"datePublished":"2019-03-01T08:37:07+00:00","dateModified":"2023-05-21T17:26:37+00:00","breadcrumb":{"@id":"https:\/\/www.akademiaslovenciny.sk\/de\/termine#breadcrumb"},"inLanguage":"de","potentialAction":[{"@type":"ReadAction","target":["https:\/\/www.akademiaslovenciny.sk\/de\/termine"]}]},{"@type":"BreadcrumbList","@id":"https:\/\/www.akademiaslovenciny.sk\/de\/termine#breadcrumb","itemListElement":[{"@type":"ListItem","position":1,"name":"Startseite","item":"https:\/\/www.akademiaslovenciny.sk\/de"},{"@type":"ListItem","position":2,"name":"Termine"}]},{"@type":"WebSite","@id":"https:\/\/www.akademiaslovenciny.sk\/de\/#website","url":"https:\/\/www.akademiaslovenciny.sk\/de\/","name":"AkademiaSlovenciny","description":"Kurz sloven\u010diny v Bratislave","potentialAction":[{"@type":"SearchAction","target":{"@type":"EntryPoint","urlTemplate":"https:\/\/www.akademiaslovenciny.sk\/de\/?s={search_term_string}"},"query-input":"required name=search_term_string"}],"inLanguage":"de"}]}},"_links":{"self":[{"href":"https:\/\/www.akademiaslovenciny.sk\/de\/wp-json\/wp\/v2\/pages\/426"}],"collection":[{"href":"https:\/\/www.akademiaslovenciny.sk\/de\/wp-json\/wp\/v2\/pages"}],"about":[{"href":"https:\/\/www.akademiaslovenciny.sk\/de\/wp-json\/wp\/v2\/types\/page"}],"author":[{"embeddable":true,"href":"https:\/\/www.akademiaslovenciny.sk\/de\/wp-json\/wp\/v2\/users\/5"}],"replies":[{"embeddable":true,"href":"https:\/\/www.akademiaslovenciny.sk\/de\/wp-json\/wp\/v2\/comments?post=426"}],"version-history":[{"count":14,"href":"https:\/\/www.akademiaslovenciny.sk\/de\/wp-json\/wp\/v2\/pages\/426\/revisions"}],"predecessor-version":[{"id":1120,"href":"https:\/\/www.akademiaslovenciny.sk\/de\/wp-json\/wp\/v2\/pages\/426\/revisions\/1120"}],"wp:attachment":[{"href":"https:\/\/www.akademiaslovenciny.sk\/de\/wp-json\/wp\/v2\/media?parent=426"}],"curies":[{"name":"wp","href":"https:\/\/api.w.org\/{rel}","templated":true}]}}

<h1>Wann fangen die Slowakischkurse an?</h1>
<h2>Intensivkurse</h2>
<div class='amha-dac-course-dates'><div class='dcd-entry  state-expired '><div class='dde-month'>Januar 2026</div><div class='dde-timespan'>12.01. – 12.02.2026</div><div class='dde-info'></div></div><div class='dcd-entry  state-expired '><div class='dde-month'>Februar 2026</div><div class='dde-timespan'>16.02. – 19.03.2026</div><div class='dde-info'></div></div><div class='dcd-entry  state-expired '><div class='dde-month'>März 2026</div><div class='dde-timespan'>23.03. – 23.04.2026</div><div class='dde-info'></div></div><div class='dcd-entry '><div class='dde-month'>April 2026</div><div class='dde-timespan'>27.04. – 28.05.2026</div><div class='dde-info'></div></div><div class='dcd-entry '><div class='dde-month'>Mai 2026</div><div class='dde-timespan'> after arrangement</div><div class='dde-info'></div></div><div class='dcd-entry '><div class='dde-month'>Juni 2026</div><div class='dde-timespan'>01.06. – 02.07.2026</div><div class='dde-info'></div></div><div class='dcd-entry '><div class='dde-month'>Juli 2026</div><div class='dde-timespan'>06.07. – 06.08.2026</div><div class='dde-info'></div></div><div class='dcd-entry '><div class='dde-month'>August 2026</div><div class='dde-timespan'>10.08. – 10.09.2026</div><div class='dde-info'></div></div><div class='dcd-entry '><div class='dde-month'>September 2026</div><div class='dde-timespan'>14.09. – 15.10.2026</div><div class='dde-info'></div></div><div class='dcd-entry '><div class='dde-month'>Oktober 2026</div><div class='dde-timespan'>19.10. – 19.11.2026</div><div class='dde-info'></div></div><div class='dcd-entry '><div class='dde-month'>November 2026</div><div class='dde-timespan'>23.11. – 17.12.2026</div><div class='dde-info'></div></div><div class='dcd-entry '><div class='dde-month'>Dezember 2026</div><div class='dde-timespan'>after arrangement</div><div class='dde-info'></div></div></div>
<p>&nbsp;</p>
<h2>Einzelstunden in Bratislava</h2>
<p style="text-align: justify;">Auf Ihre Bedürfnisse und Ihren Zeitplan abgestimmte Stunden. Machen Sie schneller Fortschritte und lernen Sie genau das, was sie brauchen und wann Sie Zeit haben.</p>
<p style="text-align: justify;">Einzelstunden sind:</p>
<ul style="text-align: justify;">
<li><em><strong>günstig</strong></em></li>
<li><em><strong>flexibel</strong></em></li>
<li><em><strong>und sehr effektiv!</strong></em></li>
</ul>
<p style="text-align: justify;">Kontaktieren Sie uns und probieren Sie einfach eine Stunde aus. Sie werden überzeugt sein!</p>
<p style="text-align: justify;">Wenn Sie sich für Einzelstunden anmelden möchten, freuen wir uns Sie während unserer Öffnungszeiten willkommen zu heißen!</p>
<p style="text-align: justify;">Gerne können Sie uns auch telefonisch kontaktieren oder füllen Sie einfach das Anmeldeformular aus.</p>
<p>&nbsp;</p>
<p><a href="https://www.akademiaslovenciny.sk/de/anmeldung-slowakischkurs">Anmeldung</a></p>

<p>Wann fangen die Slowakischkurse an? Intensivkurse &nbsp; Einzelstunden in Bratislava Auf Ihre Bedürfnisse und Ihren Zeitplan abgestimmte Stunden. Machen Sie schneller Fortschritte und lernen Sie genau das, was sie brauchen und wann Sie Zeit haben. Einzelstunden sind: günstig flexibel und sehr effektiv! Kontaktieren Sie uns und probieren Sie einfach eine Stunde aus. Sie werden überzeugt [&hellip;]</p>

<!-- This site is optimized with the Yoast SEO plugin v22.4 - https://yoast.com/wordpress/plugins/seo/ -->
<title>Termine - AkademiaSlovenciny</title>
<meta name="robots" content="index, follow, max-snippet:-1, max-image-preview:large, max-video-preview:-1" />
<link rel="canonical" href="https://www.akademiaslovenciny.sk/de/termine" />
<meta property="og:locale" content="de_DE" />
<meta property="og:type" content="article" />
<meta property="og:title" content="Termine - AkademiaSlovenciny" />
<meta property="og:description" content="Wann fangen die Slowakischkurse an? Intensivkurse &nbsp; Einzelstunden in Bratislava Auf Ihre Bedürfnisse und Ihren Zeitplan abgestimmte Stunden. Machen Sie schneller Fortschritte und lernen Sie genau das, was sie brauchen und wann Sie Zeit haben. Einzelstunden sind: günstig flexibel und sehr effektiv! Kontaktieren Sie uns und probieren Sie einfach eine Stunde aus. Sie werden überzeugt [&hellip;]" />
<meta property="og:url" content="https://www.akademiaslovenciny.sk/de/termine" />
<meta property="og:site_name" content="AkademiaSlovenciny" />
<meta property="article:modified_time" content="2023-05-21T17:26:37+00:00" />
<meta name="twitter:card" content="summary_large_image" />
<meta name="twitter:label1" content="Geschätzte Lesezeit" />
	<meta name="twitter:data1" content="1 Minute" />
<script type="application/ld+json" class="yoast-schema-graph">{"@context":"https://schema.org","@graph":[{"@type":"WebPage","@id":"https://www.akademiaslovenciny.sk/de/termine","url":"https://www.akademiaslovenciny.sk/de/termine","name":"Termine - AkademiaSlovenciny","isPartOf":{"@id":"https://www.akademiaslovenciny.sk/de/#website"},"datePublished":"2019-03-01T08:37:07+00:00","dateModified":"2023-05-21T17:26:37+00:00","breadcrumb":{"@id":"https://www.akademiaslovenciny.sk/de/termine#breadcrumb"},"inLanguage":"de","potentialAction":[{"@type":"ReadAction","target":["https://www.akademiaslovenciny.sk/de/termine"]}]},{"@type":"BreadcrumbList","@id":"https://www.akademiaslovenciny.sk/de/termine#breadcrumb","itemListElement":[{"@type":"ListItem","position":1,"name":"Startseite","item":"https://www.akademiaslovenciny.sk/de"},{"@type":"ListItem","position":2,"name":"Termine"}]},{"@type":"WebSite","@id":"https://www.akademiaslovenciny.sk/de/#website","url":"https://www.akademiaslovenciny.sk/de/","name":"AkademiaSlovenciny","description":"Kurz slovenčiny v Bratislave","potentialAction":[{"@type":"SearchAction","target":{"@type":"EntryPoint","urlTemplate":"https://www.akademiaslovenciny.sk/de/?s={search_term_string}"},"query-input":"required name=search_term_string"}],"inLanguage":"de"}]}</script>
<!-- / Yoast SEO plugin. -->

Wann fangen die Slowakischkurse an? Intensivkurse &nbsp; Einzelstunden in Bratislava Auf Ihre Bedürfnisse und Ihren Zeitplan abgestimmte Stunden. Machen Sie schneller Fortschritte und lernen Sie genau das, was sie brauchen und wann Sie Zeit haben. Einzelstunden sind: günstig flexibel und sehr effektiv! Kontaktieren Sie uns und probieren Sie einfach eine Stunde aus. Sie werden überzeugt [&hellip;]

Kurz slovenčiny v Bratislave
